{"id":4081,"date":"2018-06-27T12:49:53","date_gmt":"2018-06-27T15:49:53","guid":{"rendered":"http:\/\/www.colfarma.info\/colfarma\/?page_id=4081"},"modified":"2023-08-23T15:30:41","modified_gmt":"2023-08-23T18:30:41","slug":"institucional","status":"publish","type":"page","link":"https:\/\/www.colfarma.info\/colfarma\/institucional\/","title":{"rendered":"Institucional"},"content":{"rendered":"<p>[vc_row][vc_column width=\u00bb2\/3&#8243;][vc_column_text]<\/p>\n<h4>El Colegio de Farmac\u00e9uticos de la provincia de Buenos Aires fue creado por el Decreto 5.373 del 10 de abril de 1945, ratificado por la ley provincial 6.682.<br \/>\nFunciona como persona jur\u00eddica de derecho p\u00fablico, con jurisdicci\u00f3n en la Provincia de Buenos Aires, ajust\u00e1ndose a las prescripciones establecidas en la ley mencionada.<\/h4>\n<p style=\"font-weight: 400;\">Tiene delegadas\u00a0por el Estado funciones que coadyuvan\u00a0a contar con el mejor ejercicio profesional de los farmac\u00e9uticos en la Provincia de Buenos Aires en todos los \u00e1mbitos en que se desenvuelven.<\/p>\n<p style=\"font-weight: 400;\">Entre sus atribuciones, en\u00a0su rol de colaborador con las autoridades sanitarias, vela por el cumplimiento de la ley 6682 y de las disposiciones que rigen la pr\u00e1ctica de la profesi\u00f3n.<\/p>\n<p style=\"font-weight: 400;\">En ese marco, ejerce el gobierno de la matr\u00edcula y\u00a0el poder disciplinario sobre los farmac\u00e9uticos,\u00a0para ofrecer\u00a0a la poblaci\u00f3n la seguridad de que\u00a0el desempe\u00f1o de \u00e9stos se ajustar\u00e1 a sus incumbencias, a la\u00a0\u00e9tica y al decoro profesional.<\/p>\n<p style=\"font-weight: 400;\">Est\u00e1n matriculados en el CFPBA los farmac\u00e9uticos que se desempe\u00f1an en el territorio bonaerense.<\/p>\n<p style=\"font-weight: 400;\">La Instituci\u00f3n pone a disposici\u00f3n de\u00a0ellos m\u00faltiples servicios, que derivan en beneficios para toda la comunidad y que abarcan un amplio espectro, teniendo en cuenta las particularidades del ejercicio profesional en distintos \u00e1mbitos: farmacia comunitaria, hospitalaria, industria farmac\u00e9utica, droguer\u00edas y otros establecimientos, como as\u00ed tambi\u00e9n a los farmac\u00e9uticos que cumplen m\u00faltiples funciones en el sector p\u00fablico y en el privado.<\/p>\n<p style=\"font-weight: 400;\">Este Colegio sostiene una Biblioteca p\u00fablica con bibliograf\u00eda especializada.<\/p>\n<p style=\"font-weight: 400;\">Su Centro de Informaci\u00f3n de Medicamentos\u00a0Farmac\u00e9utico (CIMF) es pionero en\u00a0Am\u00e9rica Latina, el que cuenta con fuentes de informaci\u00f3n reconocidas mundialmente y bases de datos a cargo de farmac\u00e9uticos destinados a la resoluci\u00f3n de consultas sobre medicamentos.<\/p>\n<p style=\"font-weight: 400;\">Mantiene un Laboratorio de Control de Calidad e Investigaciones Cient\u00edficas \u00a0\u00fanico en su tipo para una entidad profesional.<\/p>\n<p style=\"font-weight: 400;\">Ha desarrollado la Red Provincial de Vigilancia Farmac\u00e9utica, que est\u00e1 integrada al Sistema Nacional de Farmacovigilancia de la ANMAT en calidad de Efector Perif\u00e9rico.<\/p>\n<p style=\"font-weight: 400;\">Su Programa de Atenci\u00f3n Farmac\u00e9utica est\u00e1 destinado a la formaci\u00f3n de los farmac\u00e9uticos en la adquisici\u00f3n de habilidades para la implementaci\u00f3n de la Atenci\u00f3n Farmac\u00e9utica en sus oficinas de farmacia.<\/p>\n<p style=\"font-weight: 400;\">Publica el Bolet\u00edn Farmac\u00e9utico Bonaerenses, \u00f3rgano oficial de la entidad, con distribuci\u00f3n gratuita entre los colegiados; las revistas BIFASE (Bibliograf\u00eda Farmac\u00e9utica Seleccionada) y Latin American Journal of Pharmacy (anteriormente Acta Farmac\u00e9utica Bonaerense), ambas de divulgaci\u00f3n cient\u00edfica; los reportes on line de la Red Provincial de Vigilancia Farmac\u00e9utica (RPVF) y el Bolet\u00edn Farmac\u00e9utico Digital, con noticias relacionadas con la salud.<\/p>\n<p style=\"font-weight: 400;\">Sostiene el sistema de Educaci\u00f3n y Actualizaci\u00f3n Profesional abierto a todos los farmac\u00e9uticos, otorgando la Certificaci\u00f3n y la Recertificaci\u00f3n profesional.<\/p>\n<p style=\"font-weight: 400;\">Pone a disposici\u00f3n de la comunidad el Programa \u201cFarmac\u00e9uticos por la Calidad de Vida\u201d (FARCAVI); la Oficina de Denuncias, en la que se reciben denuncias sobre comercializaci\u00f3n ilegal de medicamentos y se las traslada a las autoridades competentes; implementa campa\u00f1as diversas de prevenci\u00f3n en materia de salud.<\/p>\n<p style=\"font-weight: 400;\">Brinda a los colegiados asesoramiento legal en cuestiones relacionadas con el ejercicio profesional en general y tambi\u00e9n de car\u00e1cter laboral.<\/p>\n<p style=\"font-weight: 400;\">Los matriculados y los miembros adherentes tienen el beneficio de distintos Subsidios (Dotal, de Intervenci\u00f3n Quir\u00fargica, por Fallecimiento, De Retiro, por Maternidad, por Desempleo o Paro Fortuito y por Incapacidad F\u00edsica Total Temporaria).<\/p>\n<p style=\"font-weight: 400;\">Colabora con la optimizaci\u00f3n del funcionamiento de la red de farmacias establecidas en la Provincia de Buenos Aires en su calidad de prestadoras de un servicio p\u00fablico\u00a0sanitario.<\/p>\n<p style=\"font-weight: 400;\">Ofrece para las farmacias diferentes herramientas para facilitarles la atenci\u00f3n a los pacientes particulares y a los afiliados a la seguridad social: Sistema de Validaci\u00f3n \u201cOn Line\u201d de Recetas Farmac\u00e9uticas; Cuenta Corriente \u201cOn Line\u201d, el Sistema de Facturaci\u00f3n (Sigefa); Contrataci\u00f3n de un Servicio de recolecci\u00f3n, transporte y disposici\u00f3n final de residuos patog\u00e9nicos; Contrataci\u00f3n del Seguro de Mala Praxis; Seguro Integral de Comercio para Farmacias.<\/p>\n<p style=\"font-weight: 400;\">Ha implementado por acuerdo con diversos Municipios el Convenio para recolecci\u00f3n de medicamentos vencidos o en desuso.<\/p>\n<p style=\"font-weight: 400;\">En cada\u00a0Partido de la Provincia de Buenos Aires\u00a0act\u00faa en calidad de agente de la Instituci\u00f3n y ejerce\u00a0su representaci\u00f3n un Colegio de Farmac\u00e9uticos local.<\/p>\n<p>[\/vc_column_text][\/vc_column][vc_column width=\u00bb1\/3&#8243;][vc_column_text css_animation=\u00bbnone\u00bb]<\/p>\n<h4 style=\"text-align: right;\">CONSEJO DIRECTIVO<\/h4>\n<p style=\"text-align: right;\">Presidente<br \/>\nFarm. ALEJANDRA MARIANA G\u00d3MEZ<\/p>\n<p style=\"text-align: right;\">Vicepresidente<br \/>\nFarm. MAR\u00cdA VALERIA MARASCO<\/p>\n<p style=\"text-align: right;\">Secretario<br \/>\nFarm. LUIS MAR\u00cdA FERRARI<\/p>\n<p style=\"text-align: right;\">Tesorero<br \/>\nFarm. GUILLERMO PEDRO BIDEBERRY<\/p>\n<hr \/>\n<h4 style=\"text-align: right;\">Vocales Titulares<\/h4>\n<p style=\"text-align: right;\">Vocal Titular Primero<br \/>\nFarm. MANUELA ALEJANDRA MONTEIRO<\/p>\n<p style=\"text-align: right;\">Vocal Titular Segundo<br \/>\nFarm. CLAUDIA ANG\u00c9LICA SLEZACK<\/p>\n<p style=\"text-align: right;\">Vocal Titular Tercero<br \/>\nFarm. KARINA ANDREA PERROTTA<\/p>\n<p style=\"text-align: right;\">Vocal Titular Cuarto<br \/>\nFarm. H\u00c9CTOR ANTONIO MILANESI<\/p>\n<p style=\"text-align: right;\">Vocal Titular Quinto<br \/>\nFarm. CLAUDIA CARMELA GALUPPO<\/p>\n<p style=\"text-align: right;\">Vocal Titular Sexto<br \/>\nFarm. ROSANA MAR\u00cdA VUAN<\/p>\n<hr \/>\n<h4 style=\"text-align: right;\">Vocales Suplentes<\/h4>\n<p style=\"text-align: right;\">Vocal Suplente Primero<br \/>\nFarm. MARIA ALEJANDRA BERLARI<\/p>\n<p style=\"text-align: right;\">Vocal Suplente Segundo<br \/>\nFarm. SILVINA SUSANA LOPEZ<\/p>\n<p style=\"text-align: right;\">Vocal Suplente Tercero<br \/>\nFarm. FABIAN ANTONIO TIRONE<\/p>\n<p style=\"text-align: right;\">Vocal Suplente Cuarto<br \/>\nFarm. CLAUDIA RITA ROSA ALVES<\/p>\n<p style=\"text-align: right;\">Vocal Suplente Quinto<br \/>\nFarm. STELLA MARIS LIGIO<\/p>\n<p style=\"text-align: right;\">Vocal Suplente Sexto<br \/>\nFarm. SOLANGE SAMANTHA COLOMBO<\/p>\n<div class=\"content-bottom-widgets\">\n<div class=\"content-bottom-inner wrap\">\n<div class=\"content-bottom-aside-wrap\">\n<aside data-width=\"12\">\n<div id=\"custom_html-6\" class=\"widget_text widget widget_custom_html\">\n<div class=\"textwidget custom-html-widget\">\n<div class=\"content1\"><\/div>\n<\/div>\n<\/div>\n<\/aside>\n<\/div>\n<\/div>\n<\/div>\n<p>[\/vc_column_text][\/vc_column][\/vc_row]<\/p>\n","protected":false},"excerpt":{"rendered":"<p>[vc_row][vc_column width=\u00bb2\/3&#8243;][vc_column_text] El Colegio de Farmac\u00e9uticos de la provincia de Buenos Aires fue creado por el Decreto 5.373 del 10 de abril de 1945, ratificado por la ley provincial 6.682. Funciona como persona jur\u00eddica de derecho p\u00fablico, con jurisdicci\u00f3n en la Provincia de Buenos Aires, ajust\u00e1ndose a las prescripciones establecidas en la ley mencionada. Tiene [&hellip;]<\/p>\n","protected":false},"author":1,"featured_media":43158,"parent":0,"menu_order":1,"comment_status":"closed","ping_status":"closed","template":"","meta":{"footnotes":""},"class_list":["post-4081","page","type-page","status-publish","has-post-thumbnail","hentry"],"_links":{"self":[{"href":"https:\/\/www.colfarma.info\/colfarma\/wp-json\/wp\/v2\/pages\/4081","targetHints":{"allow":["GET"]}}],"collection":[{"href":"https:\/\/www.colfarma.info\/colfarma\/wp-json\/wp\/v2\/pages"}],"about":[{"href":"https:\/\/www.colfarma.info\/colfarma\/wp-json\/wp\/v2\/types\/page"}],"author":[{"embeddable":true,"href":"https:\/\/www.colfarma.info\/colfarma\/wp-json\/wp\/v2\/users\/1"}],"replies":[{"embeddable":true,"href":"https:\/\/www.colfarma.info\/colfarma\/wp-json\/wp\/v2\/comments?post=4081"}],"version-history":[{"count":0,"href":"https:\/\/www.colfarma.info\/colfarma\/wp-json\/wp\/v2\/pages\/4081\/revisions"}],"wp:featuredmedia":[{"embeddable":true,"href":"https:\/\/www.colfarma.info\/colfarma\/wp-json\/wp\/v2\/media\/43158"}],"wp:attachment":[{"href":"https:\/\/www.colfarma.info\/colfarma\/wp-json\/wp\/v2\/media?parent=4081"}],"curies":[{"name":"wp","href":"https:\/\/api.w.org\/{rel}","templated":true}]}}

<p>[vc_row][vc_column width=»2/3&#8243;][vc_column_text]</p>
<h4>El Colegio de Farmacéuticos de la provincia de Buenos Aires fue creado por el Decreto 5.373 del 10 de abril de 1945, ratificado por la ley provincial 6.682.<br />
Funciona como persona jurídica de derecho público, con jurisdicción en la Provincia de Buenos Aires, ajustándose a las prescripciones establecidas en la ley mencionada.</h4>
<p style="font-weight: 400;">Tiene delegadas por el Estado funciones que coadyuvan a contar con el mejor ejercicio profesional de los farmacéuticos en la Provincia de Buenos Aires en todos los ámbitos en que se desenvuelven.</p>
<p style="font-weight: 400;">Entre sus atribuciones, en su rol de colaborador con las autoridades sanitarias, vela por el cumplimiento de la ley 6682 y de las disposiciones que rigen la práctica de la profesión.</p>
<p style="font-weight: 400;">En ese marco, ejerce el gobierno de la matrícula y el poder disciplinario sobre los farmacéuticos, para ofrecer a la población la seguridad de que el desempeño de éstos se ajustará a sus incumbencias, a la ética y al decoro profesional.</p>
<p style="font-weight: 400;">Están matriculados en el CFPBA los farmacéuticos que se desempeñan en el territorio bonaerense.</p>
<p style="font-weight: 400;">La Institución pone a disposición de ellos múltiples servicios, que derivan en beneficios para toda la comunidad y que abarcan un amplio espectro, teniendo en cuenta las particularidades del ejercicio profesional en distintos ámbitos: farmacia comunitaria, hospitalaria, industria farmacéutica, droguerías y otros establecimientos, como así también a los farmacéuticos que cumplen múltiples funciones en el sector público y en el privado.</p>
<p style="font-weight: 400;">Este Colegio sostiene una Biblioteca pública con bibliografía especializada.</p>
<p style="font-weight: 400;">Su Centro de Información de Medicamentos Farmacéutico (CIMF) es pionero en América Latina, el que cuenta con fuentes de información reconocidas mundialmente y bases de datos a cargo de farmacéuticos destinados a la resolución de consultas sobre medicamentos.</p>
<p style="font-weight: 400;">Mantiene un Laboratorio de Control de Calidad e Investigaciones Científicas  único en su tipo para una entidad profesional.</p>
<p style="font-weight: 400;">Ha desarrollado la Red Provincial de Vigilancia Farmacéutica, que está integrada al Sistema Nacional de Farmacovigilancia de la ANMAT en calidad de Efector Periférico.</p>
<p style="font-weight: 400;">Su Programa de Atención Farmacéutica está destinado a la formación de los farmacéuticos en la adquisición de habilidades para la implementación de la Atención Farmacéutica en sus oficinas de farmacia.</p>
<p style="font-weight: 400;">Publica el Boletín Farmacéutico Bonaerenses, órgano oficial de la entidad, con distribución gratuita entre los colegiados; las revistas BIFASE (Bibliografía Farmacéutica Seleccionada) y Latin American Journal of Pharmacy (anteriormente Acta Farmacéutica Bonaerense), ambas de divulgación científica; los reportes on line de la Red Provincial de Vigilancia Farmacéutica (RPVF) y el Boletín Farmacéutico Digital, con noticias relacionadas con la salud.</p>
<p style="font-weight: 400;">Sostiene el sistema de Educación y Actualización Profesional abierto a todos los farmacéuticos, otorgando la Certificación y la Recertificación profesional.</p>
<p style="font-weight: 400;">Pone a disposición de la comunidad el Programa “Farmacéuticos por la Calidad de Vida” (FARCAVI); la Oficina de Denuncias, en la que se reciben denuncias sobre comercialización ilegal de medicamentos y se las traslada a las autoridades competentes; implementa campañas diversas de prevención en materia de salud.</p>
<p style="font-weight: 400;">Brinda a los colegiados asesoramiento legal en cuestiones relacionadas con el ejercicio profesional en general y también de carácter laboral.</p>
<p style="font-weight: 400;">Los matriculados y los miembros adherentes tienen el beneficio de distintos Subsidios (Dotal, de Intervención Quirúrgica, por Fallecimiento, De Retiro, por Maternidad, por Desempleo o Paro Fortuito y por Incapacidad Física Total Temporaria).</p>
<p style="font-weight: 400;">Colabora con la optimización del funcionamiento de la red de farmacias establecidas en la Provincia de Buenos Aires en su calidad de prestadoras de un servicio público sanitario.</p>
<p style="font-weight: 400;">Ofrece para las farmacias diferentes herramientas para facilitarles la atención a los pacientes particulares y a los afiliados a la seguridad social: Sistema de Validación “On Line” de Recetas Farmacéuticas; Cuenta Corriente “On Line”, el Sistema de Facturación (Sigefa); Contratación de un Servicio de recolección, transporte y disposición final de residuos patogénicos; Contratación del Seguro de Mala Praxis; Seguro Integral de Comercio para Farmacias.</p>
<p style="font-weight: 400;">Ha implementado por acuerdo con diversos Municipios el Convenio para recolección de medicamentos vencidos o en desuso.</p>
<p style="font-weight: 400;">En cada Partido de la Provincia de Buenos Aires actúa en calidad de agente de la Institución y ejerce su representación un Colegio de Farmacéuticos local.</p>
<p>[/vc_column_text][/vc_column][vc_column width=»1/3&#8243;][vc_column_text css_animation=»none»]</p>
<h4 style="text-align: right;">CONSEJO DIRECTIVO</h4>
<p style="text-align: right;">Presidente<br />
Farm. ALEJANDRA MARIANA GÓMEZ</p>
<p style="text-align: right;">Vicepresidente<br />
Farm. MARÍA VALERIA MARASCO</p>
<p style="text-align: right;">Secretario<br />
Farm. LUIS MARÍA FERRARI</p>
<p style="text-align: right;">Tesorero<br />
Farm. GUILLERMO PEDRO BIDEBERRY</p>
<hr />
<h4 style="text-align: right;">Vocales Titulares</h4>
<p style="text-align: right;">Vocal Titular Primero<br />
Farm. MANUELA ALEJANDRA MONTEIRO</p>
<p style="text-align: right;">Vocal Titular Segundo<br />
Farm. CLAUDIA ANGÉLICA SLEZACK</p>
<p style="text-align: right;">Vocal Titular Tercero<br />
Farm. KARINA ANDREA PERROTTA</p>
<p style="text-align: right;">Vocal Titular Cuarto<br />
Farm. HÉCTOR ANTONIO MILANESI</p>
<p style="text-align: right;">Vocal Titular Quinto<br />
Farm. CLAUDIA CARMELA GALUPPO</p>
<p style="text-align: right;">Vocal Titular Sexto<br />
Farm. ROSANA MARÍA VUAN</p>
<hr />
<h4 style="text-align: right;">Vocales Suplentes</h4>
<p style="text-align: right;">Vocal Suplente Primero<br />
Farm. MARIA ALEJANDRA BERLARI</p>
<p style="text-align: right;">Vocal Suplente Segundo<br />
Farm. SILVINA SUSANA LOPEZ</p>
<p style="text-align: right;">Vocal Suplente Tercero<br />
Farm. FABIAN ANTONIO TIRONE</p>
<p style="text-align: right;">Vocal Suplente Cuarto<br />
Farm. CLAUDIA RITA ROSA ALVES</p>
<p style="text-align: right;">Vocal Suplente Quinto<br />
Farm. STELLA MARIS LIGIO</p>
<p style="text-align: right;">Vocal Suplente Sexto<br />
Farm. SOLANGE SAMANTHA COLOMBO</p>
<div class="content-bottom-widgets">
<div class="content-bottom-inner wrap">
<div class="content-bottom-aside-wrap">
<aside data-width="12">
<div id="custom_html-6" class="widget_text widget widget_custom_html">
<div class="textwidget custom-html-widget">
<div class="content1"></div>
</div>
</div>
</aside>
</div>
</div>
</div>
<p>[/vc_column_text][/vc_column][/vc_row]</p>

<p>[vc_row][vc_column width=»2/3&#8243;][vc_column_text] El Colegio de Farmacéuticos de la provincia de Buenos Aires fue creado por el Decreto 5.373 del 10 de abril de 1945, ratificado por la ley provincial 6.682. Funciona como persona jurídica de derecho público, con jurisdicción en la Provincia de Buenos Aires, ajustándose a las prescripciones establecidas en la ley mencionada. Tiene [&hellip;]</p>
