{"id":4160,"date":"2018-06-27T15:46:14","date_gmt":"2018-06-27T18:46:14","guid":{"rendered":"http:\/\/www.colfarma.info\/colfarma\/?page_id=4160"},"modified":"2025-03-31T17:12:30","modified_gmt":"2025-03-31T20:12:30","slug":"far-ca-vi","status":"publish","type":"page","link":"https:\/\/www.colfarma.info\/colfarma\/cientifica\/far-ca-vi\/","title":{"rendered":"Programa Far. Ca. Vi."},"content":{"rendered":"<p>[vc_row][vc_column width=\u00bb2\/3&#8243;][vc_column_text css=\u00bb\u00bb]<\/p>\n<h3><img loading=\"lazy\" decoding=\"async\" class=\"alignnone size-full wp-image-82161\" src=\"https:\/\/www.colfarma.info\/colfarma\/wp-content\/uploads\/Logo-FARCAVI.png\" alt=\"\" width=\"7057\" height=\"1566\" srcset=\"https:\/\/www.colfarma.info\/colfarma\/wp-content\/uploads\/Logo-FARCAVI.png 7057w, https:\/\/www.colfarma.info\/colfarma\/wp-content\/uploads\/Logo-FARCAVI-585x130.png 585w, https:\/\/www.colfarma.info\/colfarma\/wp-content\/uploads\/Logo-FARCAVI-1200x266.png 1200w, https:\/\/www.colfarma.info\/colfarma\/wp-content\/uploads\/Logo-FARCAVI-768x170.png 768w, https:\/\/www.colfarma.info\/colfarma\/wp-content\/uploads\/Logo-FARCAVI-1536x341.png 1536w, https:\/\/www.colfarma.info\/colfarma\/wp-content\/uploads\/Logo-FARCAVI-2048x454.png 2048w, https:\/\/www.colfarma.info\/colfarma\/wp-content\/uploads\/Logo-FARCAVI-100x22.png 100w\" sizes=\"auto, (max-width: 7057px) 100vw, 7057px\" \/><\/h3>\n<h3>\u00bfQu\u00e9 es el FARCAVI?<\/h3>\n<p style=\"font-weight: 400;\">El programa\u00a0<strong>Farmac\u00e9uticos por la Calidad de Vida<\/strong>\u00a0es una iniciativa que se gest\u00f3 a principios del a\u00f1o 2007 en el\u00a0<strong>Colegio de Farmac\u00e9uticos de la Provincia de Buenos Aires<\/strong>\u00a0y que fue presentada oficialmente el 15 de mayo de ese mismo a\u00f1o ante la C\u00e1mara de Diputados de la provincia en el marco de la Jornada \u201cH\u00e1bitos Saludables\u201d Nutrici\u00f3n &#8211; Factores de Riesgo &#8211; Actividad F\u00edsica, que organiz\u00f3 la entidad farmac\u00e9utica con el apoyo de la legislatura<\/p>\n<p style=\"font-weight: 400;\">Se sustenta en la necesidad que implica lograr una mejor calidad de vida en la comunidad, realizando acciones de Promoci\u00f3n de Salud a trav\u00e9s de h\u00e1bitos saludables, trabajando interdisciplinariamente con los profesionales sanitarios de cada localidad, tejiendo la red necesaria de comunicaci\u00f3n y asumiendo la responsabilidad \u00e9tica del desempe\u00f1o.<\/p>\n<p style=\"font-weight: 400;\">Reconoce el rol importante de los farmac\u00e9uticos en la salud p\u00fablica y la utilizaci\u00f3n de los medicamentos. Hace hincapi\u00e9 en su responsabilidad de suministrar a la poblaci\u00f3n consejos adecuados y objetivos respecto de los medicamentos y sus usos, de promover el concepto de la atenci\u00f3n farmac\u00e9utica y de participar activamente en la prevenci\u00f3n de enfermedades y la promoci\u00f3n de la salud.<\/p>\n<h3>Todos la farmac\u00e9uticos que est\u00e9n interesados en formar parte de este proyecto pueden adherirse voluntariamente al Programa FARCAVI, haciendo <strong><a href=\"http:\/\/www.adminportal.cfpba.org.ar\/servicios\/compras.aspx?p=646\">Clic aqu\u00ed<\/a><\/strong><\/h3>\n<p>&nbsp;[\/vc_column_text][vc_separator css=\u00bb.vc_custom_1537296207195{padding-top: 40px !important;padding-bottom: 20px !important;}\u00bb][vc_basic_grid post_type=\u00bbpost\u00bb max_items=\u00bb-1&#8243; element_width=\u00bb12&#8243; item=\u00bb7533&#8243; grid_id=\u00bbvc_gid:1743451896055-91a785ed07a19edb6296f5bc0a89be07-9&#8243; taxonomies=\u00bb49&#8243;][\/vc_column][vc_column width=\u00bb1\/3&#8243;][vc_column_text css_animation=\u00bbfadeInRight\u00bb]<\/p>\n<h3><strong>CONTACTO<\/strong><\/h3>\n<h4><strong>Programa Far. Ca. Vi.<\/strong><\/h4>\n<h5>Para el envi\u00f3\u00a0de fotograf\u00edas o cualquier material ilustrativo\u00a0<strong><a href=\"mailto:programafarcavi@colfarma.org.ar\">programafarcavi@colfarma.org.ar<\/a><\/strong><\/h5>\n<p>[\/vc_column_text][\/vc_column][\/vc_row]<\/p>\n","protected":false},"excerpt":{"rendered":"<p>[vc_row][vc_column width=\u00bb2\/3&#8243;][vc_column_text css=\u00bb\u00bb] \u00bfQu\u00e9 es el FARCAVI? El programa\u00a0Farmac\u00e9uticos por la Calidad de Vida\u00a0es una iniciativa que se gest\u00f3 a principios del a\u00f1o 2007 en el\u00a0Colegio de Farmac\u00e9uticos de la Provincia de Buenos Aires\u00a0y que fue presentada oficialmente el 15 de mayo de ese mismo a\u00f1o ante la C\u00e1mara de Diputados de la provincia en [&hellip;]<\/p>\n","protected":false},"author":8,"featured_media":0,"parent":4142,"menu_order":2,"comment_status":"closed","ping_status":"closed","template":"","meta":{"footnotes":""},"class_list":["post-4160","page","type-page","status-publish","hentry"],"_links":{"self":[{"href":"https:\/\/www.colfarma.info\/colfarma\/wp-json\/wp\/v2\/pages\/4160","targetHints":{"allow":["GET"]}}],"collection":[{"href":"https:\/\/www.colfarma.info\/colfarma\/wp-json\/wp\/v2\/pages"}],"about":[{"href":"https:\/\/www.colfarma.info\/colfarma\/wp-json\/wp\/v2\/types\/page"}],"author":[{"embeddable":true,"href":"https:\/\/www.colfarma.info\/colfarma\/wp-json\/wp\/v2\/users\/8"}],"replies":[{"embeddable":true,"href":"https:\/\/www.colfarma.info\/colfarma\/wp-json\/wp\/v2\/comments?post=4160"}],"version-history":[{"count":1,"href":"https:\/\/www.colfarma.info\/colfarma\/wp-json\/wp\/v2\/pages\/4160\/revisions"}],"predecessor-version":[{"id":82162,"href":"https:\/\/www.colfarma.info\/colfarma\/wp-json\/wp\/v2\/pages\/4160\/revisions\/82162"}],"up":[{"embeddable":true,"href":"https:\/\/www.colfarma.info\/colfarma\/wp-json\/wp\/v2\/pages\/4142"}],"wp:attachment":[{"href":"https:\/\/www.colfarma.info\/colfarma\/wp-json\/wp\/v2\/media?parent=4160"}],"curies":[{"name":"wp","href":"https:\/\/api.w.org\/{rel}","templated":true}]}}

<p>[vc_row][vc_column width=»2/3&#8243;][vc_column_text css=»»]</p>
<h3><img loading="lazy" decoding="async" class="alignnone size-full wp-image-82161" src="https://www.colfarma.info/colfarma/wp-content/uploads/Logo-FARCAVI.png" alt="" width="7057" height="1566" srcset="https://www.colfarma.info/colfarma/wp-content/uploads/Logo-FARCAVI.png 7057w, https://www.colfarma.info/colfarma/wp-content/uploads/Logo-FARCAVI-585x130.png 585w, https://www.colfarma.info/colfarma/wp-content/uploads/Logo-FARCAVI-1200x266.png 1200w, https://www.colfarma.info/colfarma/wp-content/uploads/Logo-FARCAVI-768x170.png 768w, https://www.colfarma.info/colfarma/wp-content/uploads/Logo-FARCAVI-1536x341.png 1536w, https://www.colfarma.info/colfarma/wp-content/uploads/Logo-FARCAVI-2048x454.png 2048w, https://www.colfarma.info/colfarma/wp-content/uploads/Logo-FARCAVI-100x22.png 100w" sizes="auto, (max-width: 7057px) 100vw, 7057px" /></h3>
<h3>¿Qué es el FARCAVI?</h3>
<p style="font-weight: 400;">El programa <strong>Farmacéuticos por la Calidad de Vida</strong> es una iniciativa que se gestó a principios del año 2007 en el <strong>Colegio de Farmacéuticos de la Provincia de Buenos Aires</strong> y que fue presentada oficialmente el 15 de mayo de ese mismo año ante la Cámara de Diputados de la provincia en el marco de la Jornada “Hábitos Saludables” Nutrición &#8211; Factores de Riesgo &#8211; Actividad Física, que organizó la entidad farmacéutica con el apoyo de la legislatura</p>
<p style="font-weight: 400;">Se sustenta en la necesidad que implica lograr una mejor calidad de vida en la comunidad, realizando acciones de Promoción de Salud a través de hábitos saludables, trabajando interdisciplinariamente con los profesionales sanitarios de cada localidad, tejiendo la red necesaria de comunicación y asumiendo la responsabilidad ética del desempeño.</p>
<p style="font-weight: 400;">Reconoce el rol importante de los farmacéuticos en la salud pública y la utilización de los medicamentos. Hace hincapié en su responsabilidad de suministrar a la población consejos adecuados y objetivos respecto de los medicamentos y sus usos, de promover el concepto de la atención farmacéutica y de participar activamente en la prevención de enfermedades y la promoción de la salud.</p>
<h3>Todos la farmacéuticos que estén interesados en formar parte de este proyecto pueden adherirse voluntariamente al Programa FARCAVI, haciendo <strong><a href="http://www.adminportal.cfpba.org.ar/servicios/compras.aspx?p=646">Clic aquí</a></strong></h3>
<p>&nbsp;[/vc_column_text][vc_separator css=».vc_custom_1537296207195{padding-top: 40px !important;padding-bottom: 20px !important;}»][vc_basic_grid post_type=»post» max_items=»-1&#8243; element_width=»12&#8243; item=»7533&#8243; grid_id=»vc_gid:1743451896055-91a785ed07a19edb6296f5bc0a89be07-9&#8243; taxonomies=»49&#8243;][/vc_column][vc_column width=»1/3&#8243;][vc_column_text css_animation=»fadeInRight»]</p>
<h3><strong>CONTACTO</strong></h3>
<h4><strong>Programa Far. Ca. Vi.</strong></h4>
<h5>Para el envió de fotografías o cualquier material ilustrativo <strong><a href="mailto:programafarcavi@colfarma.org.ar">programafarcavi@colfarma.org.ar</a></strong></h5>
<p>[/vc_column_text][/vc_column][/vc_row]</p>

<p>[vc_row][vc_column width=»2/3&#8243;][vc_column_text css=»»] ¿Qué es el FARCAVI? El programa Farmacéuticos por la Calidad de Vida es una iniciativa que se gestó a principios del año 2007 en el Colegio de Farmacéuticos de la Provincia de Buenos Aires y que fue presentada oficialmente el 15 de mayo de ese mismo año ante la Cámara de Diputados de la provincia en [&hellip;]</p>
